{"id":318,"date":"2008-12-01T20:39:25","date_gmt":"2008-12-01T18:39:25","guid":{"rendered":"http:\/\/raino.orav.ee\/?page_id=318"},"modified":"2020-09-14T09:46:15","modified_gmt":"2020-09-14T07:46:15","slug":"november-hingekuu","status":"publish","type":"page","link":"https:\/\/orav.ee\/?page_id=318","title":{"rendered":"november | hingedekuu"},"content":{"rendered":"<p style=\"font-family: Georgia,Times New Roman,Times,serif; font-size: larger; font-weight: bold;\">\n<p style=\"font-family: Georgia,Times New Roman,Times,serif; font-size: larger; font-weight: bold;\">M\u00c4LESTAGEM LAHKUNUID<\/p>\n<table width=\"584\" border=\"0\">\n<tbody>\n<tr>\n<td align=\"right\"><a title=\"Mati Tali\" href=\"http:\/\/www.orav.ee\/?page_id=248\"><strong>Mati Tali<\/strong><\/a><\/td>\n<td align=\"left\"><span class=\"copyright\">| <\/span><em>03. november 2013 (s\u00fcnd: 15.12.1937)<\/em><\/td>\n<\/tr>\n<\/tbody>\n<\/table>\n<p style=\"font-family: Georgia,Times New Roman,Times,serif; font-size: larger; font-weight: bold;\" align=\"left\">\n<p style=\"font-family: Georgia,Times New Roman,Times,serif; font-size: larger; font-weight: bold;\" align=\"left\">S\u00dcNNIP\u00c4EVAD<\/p>\n<table width=\"356\" border=\"0\">\n<tbody>\n<tr>\n<td align=\"right\"><a title=\"Leili Tali\" href=\"http:\/\/www.orav.ee\/?page_id=249\"><strong>Leili Tali<\/strong><\/a><\/td>\n<td align=\"left\"><span class=\"copyright\">| <\/span><em>04. november 1940<\/em><\/td>\n<\/tr>\n<tr>\n<td align=\"right\"><strong>Harri Joonsaar<\/strong><\/td>\n<td align=\"left\"><span class=\"copyright\">| <\/span><em>26. november 1990, kell 00:05<\/em><\/td>\n<\/tr>\n<tr>\n<td align=\"right\"><a title=\"Ott Juurikas\" href=\"http:\/\/www.orav.ee\/?page_id=261\"><strong>Ott Juurikas<\/strong><\/a><\/td>\n<td align=\"left\"><span class=\"copyright\">| <\/span><em>28. november 1984<\/em><\/td>\n<\/tr>\n<\/tbody>\n<\/table>\n<p style=\"font-family: Georgia,Times New Roman,Times,serif; font-size: larger; font-weight: bold;\">\n<p style=\"font-family: Georgia,Times New Roman,Times,serif; font-size: larger; font-weight: bold;\">NIMEP\u00c4EVAD<\/p>\n<table style=\"height: 67px;\" width=\"240\" border=\"0\">\n<tbody>\n<tr>\n<td align=\"right\"><strong><a title=\"Tiia Randma\" href=\"http:\/\/www.orav.ee\/?page_id=250\">Tiia Randma<\/a><br \/>\n<\/strong><\/td>\n<td align=\"left\"><span class=\"copyright\">| <\/span><em>01. november<br \/>\n<\/em><\/td>\n<\/tr>\n<tr>\n<td align=\"right\"><strong>Tiia Randpere<\/strong><\/td>\n<td align=\"left\"><span class=\"copyright\">| <\/span><em>01. november<br \/>\n<\/em><\/td>\n<\/tr>\n<tr>\n<td align=\"right\"><strong><a title=\"Einar Orro\" href=\"http:\/\/www.orav.ee\/?page_id=299\">Einar Orro<\/a><br \/>\n<\/strong><\/td>\n<td align=\"left\"><span class=\"copyright\">| <\/span><em>17. november<br \/>\n<\/em><\/td>\n<\/tr>\n<tr>\n<td align=\"right\"><strong><a title=\"Triin Tali\" href=\"http:\/\/www.orav.ee\/?page_id=297\">Triin Tali<\/a><\/strong><\/td>\n<td align=\"left\"><span class=\"copyright\">| <\/span><em>25. november<br \/>\n<\/em><\/td>\n<\/tr>\n<\/tbody>\n<\/table>\n<p align=\"left\"><em><br \/>\n<\/em><\/p>\n<p align=\"left\"><em><br \/>\n<\/em><\/p>\n","protected":false},"excerpt":{"rendered":"<p>M\u00c4LESTAGEM LAHKUNUID Mati Tali | 03. november 2013 (s\u00fcnd: 15.12.1937) S\u00dcNNIP\u00c4EVAD Leili Tali | 04. november 1940 Harri Joonsaar | 26. november 1990, kell 00:05 Ott Juurikas | 28. november 1984 NIMEP\u00c4EVAD Tiia Randma | 01. november Tiia Randpere | 01. november Einar Orro | 17. november Triin Tali | 25. november<\/p>\n","protected":false},"author":1,"featured_media":0,"parent":278,"menu_order":11,"comment_status":"closed","ping_status":"closed","template":"","meta":{"_acf_changed":false,"footnotes":""},"class_list":["post-318","page","type-page","status-publish","hentry"],"acf":[],"_links":{"self":[{"href":"https:\/\/orav.ee\/index.php?rest_route=\/wp\/v2\/pages\/318","targetHints":{"allow":["GET"]}}],"collection":[{"href":"https:\/\/orav.ee\/index.php?rest_route=\/wp\/v2\/pages"}],"about":[{"href":"https:\/\/orav.ee\/index.php?rest_route=\/wp\/v2\/types\/page"}],"author":[{"embeddable":true,"href":"https:\/\/orav.ee\/index.php?rest_route=\/wp\/v2\/users\/1"}],"replies":[{"embeddable":true,"href":"https:\/\/orav.ee\/index.php?rest_route=%2Fwp%2Fv2%2Fcomments&post=318"}],"version-history":[{"count":25,"href":"https:\/\/orav.ee\/index.php?rest_route=\/wp\/v2\/pages\/318\/revisions"}],"predecessor-version":[{"id":2663,"href":"https:\/\/orav.ee\/index.php?rest_route=\/wp\/v2\/pages\/318\/revisions\/2663"}],"up":[{"embeddable":true,"href":"https:\/\/orav.ee\/index.php?rest_route=\/wp\/v2\/pages\/278"}],"wp:attachment":[{"href":"https:\/\/orav.ee\/index.php?rest_route=%2Fwp%2Fv2%2Fmedia&parent=318"}],"curies":[{"name":"wp","href":"https:\/\/api.w.org\/{rel}","templated":true}]}}