{"id":262,"date":"2008-07-31T09:53:23","date_gmt":"2008-07-31T06:53:23","guid":{"rendered":"http:\/\/raino.orav.ee\/?page_id=262"},"modified":"2026-07-06T20:36:14","modified_gmt":"2026-07-06T18:36:14","slug":"anna-tali","status":"publish","type":"page","link":"https:\/\/orav.ee\/?page_id=262","title":{"rendered":"Anna Juurikas (Tali)"},"content":{"rendered":"\n<div class=\"wp-block-group is-vertical is-layout-flex wp-container-core-group-is-layout-4fc3f8e1 wp-block-group-is-layout-flex\">\n<p class=\"MsoNormal wp-block-paragraph\"><strong><kbd>4. juuli 1987\u00a0\u00b7\u00a0kell 3:30<\/kbd><\/strong><\/p>\n\n\n\n<p class=\"MsoNormal wp-block-paragraph\"><kbd><strong>S\u00fcndinud Tallinnas Sakala t\u00e4nava s\u00fcnnitusmajas<\/strong><\/kbd><\/p>\n<\/div>\n\n\n\n<br \/>\n\n\n\n<div class=\"wp-block-group is-vertical is-layout-flex wp-container-core-group-is-layout-4fc3f8e1 wp-block-group-is-layout-flex\">\n<p class=\"MsoNormal wp-block-paragraph\"><kbd>isa: <a style=\"font-size: 14px; font-weight: bold\" title=\"Valeri Fokin\" href=\"http:\/\/www.orav.ee\/?page_id=251\"><strong>VALERI FOKIN<\/strong><\/a><\/kbd><\/p>\n\n\n\n<p class=\"MsoNormal wp-block-paragraph\"><kbd>ema:<span> <\/span><a style=\"font-size: 14px; font-weight: bold\" title=\"Tiia Randma\" href=\"http:\/\/www.orav.ee\/?page_id=250\"><strong>TIIA RANDMA<\/strong><\/a> (Tali)<\/kbd><\/p>\n\n\n\n<p class=\"MsoNormal wp-block-paragraph\"><kbd>vend: <a style=\"font-size: 14px; font-weight: bold\" title=\"Mihkel Tali\" href=\"http:\/\/www.orav.ee\/?page_id=260\"><strong>MIHKEL TALI<\/strong><\/a><\/kbd><\/p>\n\n\n\n<p class=\"MsoNormal wp-block-paragraph\"><kbd>elukaaslane: <a style=\"font-size: 14px; font-weight: bold\" title=\"Ott Juurikas\" href=\"http:\/\/www.orav.ee\/?page_id=261\"><strong>OTT JUURIKAS<\/strong><\/a><\/kbd><\/p>\n\n\n\n<p class=\"wp-block-paragraph\"><kbd>t\u00fctred: <strong>ELEANOR JUURIKAS<\/strong> ja <strong>ELIISE JUURIKAS<\/strong><\/kbd><\/p>\n\n\n\n<p class=\"wp-block-paragraph\"><\/p>\n<\/div>\n\n\n\n<br \/>\n\n\n\n<p class=\"MsoNormal wp-block-paragraph\"><strong><span style=\"font-family: Tahoma;\"><kbd>Anna Juurikas (Tali)<\/kbd><\/span><\/strong><span style=\"font-family: Tahoma;\"><kbd> <\/kbd><\/span><span style=\"font-family: Tahoma;\"><kbd>s\u00fcndis 4. juulil 1987. aastal Tallinnas Sakala t\u00e4nava s\u00fcnnitusmajas. \u00dcks meeldej\u00e4\u00e4v seik- samal p\u00e4eval algas Tallinnas koolinoorte laulu- ja tantsupidu, mille rongk\u00e4ik uhkete orkestrihelide saatel s\u00fcnnitusmajast m\u00f6\u00f6da marssis ja Annat tervitas. Lapsep\u00f5lv m\u00f6\u00f6dus Annal talviti Tallinnas ja suviti H\u00e4\u00e4demeestel.<\/kbd><\/span><\/p>\n\n\n\n<p class=\"MsoNormal wp-block-paragraph\"><span style=\"font-family: Tahoma;\"><kbd>Anna l\u00e4ks kooli 1994. aastal. Pool aastat \u00f5ppis ta Tallinna 62. Keskkoolis Lasnam\u00e4el, aga kuna ema kolis Mustam\u00e4ele, j\u00e4tkus kooliaasta Lepistiku Lasteaed- algkoolis. II klassi l\u00e4ks Anna Vanalinna Hariduskolleegiumisse, kus l\u00f5petas 2003. aastal ka p\u00f5hikooli. 2003 \u2013 2006 \u00f5ppis Anna Tallinna Mustam\u00e4e G\u00fcmnaasiumis. 2006. aastal asus \u00f5ppima Sisekaitse Akadeemia Politseikolled\u017ei Politseikooli<\/kbd><\/span><kbd> <\/kbd><kbd>politseinikus.<\/kbd><\/p>\n\n\n\n<br \/>\n\n\n\n<p class=\"MsoNormal wp-block-paragraph\"><em><strong><span style=\"font-family: Tahoma;\"><kbd>Kui Anna oli kahene, pidi m\u00f5istlik laps tihti \u00fcksi kodus l\u00f5unauinakut tegema. Tavaliselt oli nii, et kui Anna enne ema tulekut \u00e4rkas,vaatas ta diivanil istudes vaikselt varem valmispandud pildiraamatuid. \u00dckskord, kui ema tavalisest hiljem koju j\u00f5udis oli ta ehmatus suur \u2013 alumise k\u00f6\u00f6gikapi ning k\u00fclmkapi sisu oli p\u00f5randale kokku kuhjatud. Hunnikus olid t\u00f6\u00f6riistad, seebid, harjad, kummikindad, kullapulber ja kohupiimakreem -- k\u00f5ik see segamini koos t\u00fchjaks valatud karpide ja kotikestega. Anna ise toimetas rahulikult selle hunniku keskel. Kui ema k\u00fcsis: \u201eMida sina siin teed?\u201c, vastas Anna uhkelt: \u201eAutot mondin!\u201c. Anna isa oli autoremondi-lukksepp.<\/kbd><\/span><\/strong><\/em><\/p>\n\n\n\n<br \/>\n\n\n<div class=\"wp-block-image is-style-rounded\">\n<figure class=\"alignright size-large\"><img decoding=\"async\" src=\"https:\/\/fotod.orav.ee\/annatali_2026.jpg\" alt=\"\"\/><\/figure>\n<\/div>\n\n\n<p class=\"wp-block-paragraph\"><\/p>\n","protected":false},"excerpt":{"rendered":"<p>4. juuli 1987\u00a0\u00b7\u00a0kell 3:30 S\u00fcndinud Tallinnas Sakala t\u00e4nava s\u00fcnnitusmajas isa: VALERI FOKIN ema: TIIA RANDMA (Tali) vend: MIHKEL TALI elukaaslane: OTT JUURIKAS t\u00fctred: ELEANOR JUURIKAS ja ELIISE JUURIKAS Anna Juurikas (Tali) s\u00fcndis 4. juulil 1987. aastal Tallinnas Sakala t\u00e4nava s\u00fcnnitusmajas. \u00dcks meeldej\u00e4\u00e4v seik- samal p\u00e4eval algas Tallinnas koolinoorte laulu- ja tantsupidu, mille rongk\u00e4ik uhkete orkestrihelide&hellip;<a href=\"https:\/\/orav.ee\/?page_id=262\" class=\"button\">Read more <span class=\"screen-reader-text\">Anna Juurikas (Tali)<\/span><\/a><\/p>\n","protected":false},"author":1,"featured_media":0,"parent":23,"menu_order":0,"comment_status":"open","ping_status":"open","template":"","meta":{"footnotes":""},"class_list":["post-262","page","type-page","status-publish","hentry"],"_links":{"self":[{"href":"https:\/\/orav.ee\/index.php?rest_route=\/wp\/v2\/pages\/262","targetHints":{"allow":["GET"]}}],"collection":[{"href":"https:\/\/orav.ee\/index.php?rest_route=\/wp\/v2\/pages"}],"about":[{"href":"https:\/\/orav.ee\/index.php?rest_route=\/wp\/v2\/types\/page"}],"author":[{"embeddable":true,"href":"https:\/\/orav.ee\/index.php?rest_route=\/wp\/v2\/users\/1"}],"replies":[{"embeddable":true,"href":"https:\/\/orav.ee\/index.php?rest_route=%2Fwp%2Fv2%2Fcomments&post=262"}],"version-history":[{"count":7,"href":"https:\/\/orav.ee\/index.php?rest_route=\/wp\/v2\/pages\/262\/revisions"}],"predecessor-version":[{"id":4277,"href":"https:\/\/orav.ee\/index.php?rest_route=\/wp\/v2\/pages\/262\/revisions\/4277"}],"up":[{"embeddable":true,"href":"https:\/\/orav.ee\/index.php?rest_route=\/wp\/v2\/pages\/23"}],"wp:attachment":[{"href":"https:\/\/orav.ee\/index.php?rest_route=%2Fwp%2Fv2%2Fmedia&parent=262"}],"curies":[{"name":"wp","href":"https:\/\/api.w.org\/{rel}","templated":true}]}}

<div class="wp-block-group is-vertical is-layout-flex wp-container-core-group-is-layout-4fc3f8e1 wp-block-group-is-layout-flex">
<p class="MsoNormal wp-block-paragraph"><strong><kbd>4. juuli 1987 · kell 3:30</kbd></strong></p>



<p class="MsoNormal wp-block-paragraph"><kbd><strong>Sündinud Tallinnas Sakala tänava sünnitusmajas</strong></kbd></p>
</div>



<br />



<div class="wp-block-group is-vertical is-layout-flex wp-container-core-group-is-layout-4fc3f8e1 wp-block-group-is-layout-flex">
<p class="MsoNormal wp-block-paragraph"><kbd>isa: <a style="font-size: 14px; font-weight: bold" title="Valeri Fokin" href="http://www.orav.ee/?page_id=251"><strong>VALERI FOKIN</strong></a></kbd></p>



<p class="MsoNormal wp-block-paragraph"><kbd>ema:<span> </span><a style="font-size: 14px; font-weight: bold" title="Tiia Randma" href="http://www.orav.ee/?page_id=250"><strong>TIIA RANDMA</strong></a> (Tali)</kbd></p>



<p class="MsoNormal wp-block-paragraph"><kbd>vend: <a style="font-size: 14px; font-weight: bold" title="Mihkel Tali" href="http://www.orav.ee/?page_id=260"><strong>MIHKEL TALI</strong></a></kbd></p>



<p class="MsoNormal wp-block-paragraph"><kbd>elukaaslane: <a style="font-size: 14px; font-weight: bold" title="Ott Juurikas" href="http://www.orav.ee/?page_id=261"><strong>OTT JUURIKAS</strong></a></kbd></p>



<p class="wp-block-paragraph"><kbd>tütred: <strong>ELEANOR JUURIKAS</strong> ja <strong>ELIISE JUURIKAS</strong></kbd></p>



<p class="wp-block-paragraph"></p>
</div>



<br />



<p class="MsoNormal wp-block-paragraph"><strong><span style="font-family: Tahoma;"><kbd>Anna Juurikas (Tali)</kbd></span></strong><span style="font-family: Tahoma;"><kbd> </kbd></span><span style="font-family: Tahoma;"><kbd>sündis 4. juulil 1987. aastal Tallinnas Sakala tänava sünnitusmajas. Üks meeldejääv seik- samal päeval algas Tallinnas koolinoorte laulu- ja tantsupidu, mille rongkäik uhkete orkestrihelide saatel sünnitusmajast mööda marssis ja Annat tervitas. Lapsepõlv möödus Annal talviti Tallinnas ja suviti Häädemeestel.</kbd></span></p>



<p class="MsoNormal wp-block-paragraph"><span style="font-family: Tahoma;"><kbd>Anna läks kooli 1994. aastal. Pool aastat õppis ta Tallinna 62. Keskkoolis Lasnamäel, aga kuna ema kolis Mustamäele, jätkus kooliaasta Lepistiku Lasteaed- algkoolis. II klassi läks Anna Vanalinna Hariduskolleegiumisse, kus lõpetas 2003. aastal ka põhikooli. 2003 – 2006 õppis Anna Tallinna Mustamäe Gümnaasiumis. 2006. aastal asus õppima Sisekaitse Akadeemia Politseikolledži Politseikooli</kbd></span><kbd> </kbd><kbd>politseinikus.</kbd></p>



<br />



<p class="MsoNormal wp-block-paragraph"><em><strong><span style="font-family: Tahoma;"><kbd>Kui Anna oli kahene, pidi mõistlik laps tihti üksi kodus lõunauinakut tegema. Tavaliselt oli nii, et kui Anna enne ema tulekut ärkas,vaatas ta diivanil istudes vaikselt varem valmispandud pildiraamatuid. Ükskord, kui ema tavalisest hiljem koju jõudis oli ta ehmatus suur – alumise köögikapi ning külmkapi sisu oli põrandale kokku kuhjatud. Hunnikus olid tööriistad, seebid, harjad, kummikindad, kullapulber ja kohupiimakreem -- kõik see segamini koos tühjaks valatud karpide ja kotikestega. Anna ise toimetas rahulikult selle hunniku keskel. Kui ema küsis: „Mida sina siin teed?“, vastas Anna uhkelt: „Autot mondin!“. Anna isa oli autoremondi-lukksepp.</kbd></span></strong></em></p>



<br />


<div class="wp-block-image is-style-rounded">
<figure class="alignright size-large"><img decoding="async" src="https://fotod.orav.ee/annatali_2026.jpg" alt=""/></figure>
</div>


<p class="wp-block-paragraph"></p>

<p>4. juuli 1987 · kell 3:30 Sündinud Tallinnas Sakala tänava sünnitusmajas isa: VALERI FOKIN ema: TIIA RANDMA (Tali) vend: MIHKEL TALI elukaaslane: OTT JUURIKAS tütred: ELEANOR JUURIKAS ja ELIISE JUURIKAS Anna Juurikas (Tali) sündis 4. juulil 1987. aastal Tallinnas Sakala tänava sünnitusmajas. Üks meeldejääv seik- samal päeval algas Tallinnas koolinoorte laulu- ja tantsupidu, mille rongkäik uhkete orkestrihelide&hellip;<a href="https://orav.ee/?page_id=262" class="button">Read more <span class="screen-reader-text">Anna Juurikas (Tali)</span></a></p>
