{"id":215,"date":"2008-07-25T18:02:31","date_gmt":"2008-07-25T15:02:31","guid":{"rendered":"http:\/\/raino.orav.ee\/?page_id=215"},"modified":"2009-11-04T15:01:27","modified_gmt":"2009-11-04T13:01:27","slug":"meeli-jakk","status":"publish","type":"page","link":"https:\/\/orav.ee\/?page_id=215","title":{"rendered":"meeli jakk"},"content":{"rendered":"<p class=\"MsoNormal\" style=\"text-align: justify; line-height: 50%\">\n<p class=\"MsoNormal\" style=\"text-align: justify; line-height: 50%\">vanemad:  <a style=\"font-size: 11px; font-weight: bold\" title=\"Johannes Orav\" href=\"http:\/\/www.orav.ee\/?page_id=222\">JOHANNES ORAV<\/a> ja <a style=\"font-size: 11px; font-weight: bold\" title=\"Miia Orav\" href=\"http:\/\/www.orav.ee\/?page_id=221\">MIIA ORAV<\/a><\/p>\n<p class=\"MsoNormal\" style=\"text-align: justify; line-height: 50%\">\u00f5ed \/ vennad: <strong>JAAN ORAV<\/strong>, <strong>ELGO ORAV<\/strong>, <strong>PILLE ORAV<\/strong>, <a style=\"font-size: 11px; font-weight: bold\" title=\"Maaja Karjus\" href=\"http:\/\/www.orav.ee\/?page_id=241\">MAAJA KARJUS<\/a> ja <a style=\"font-size: 11px; font-weight: bold\" title=\"Kalle Orav\" href=\"http:\/\/www.orav.ee\/?page_id=210\">KALLE ORAV<\/a><\/p>\n<p class=\"MsoNormal\" style=\"text-align: justify; line-height: 50%\">elukaaslane: <a style=\"font-size: 11px; font-weight: bold\" title=\"Rein Sildoja\" href=\"http:\/\/www.orav.ee\/?page_id=223\">REIN SILDOJA<\/a><\/p>\n<p class=\"MsoNormal\" style=\"text-align: justify; line-height: 50%\">lapsed: <a style=\"font-size: 11px; font-weight: bold\" title=\"Janek Jakk\" href=\"http:\/\/www.orav.ee\/?page_id=227\">JANEK JAKK<\/a>, <a style=\"font-size: 11px; font-weight: bold\" title=\"Marjana Pors\" href=\"http:\/\/www.orav.ee\/?page_id=233\">MARJANA PORS<\/a>, <a style=\"font-size: 11px; font-weight: bold\" title=\"Jaan Sildoja\" href=\"http:\/\/www.orav.ee\/?page_id=224\">JAAN SILDOJA<\/a> ja <a style=\"font-size: 11px; font-weight: bold\" title=\"Raido Sildoja\" href=\"http:\/\/www.orav.ee\/?page_id=225\">RAIDO SILDOJA<\/a><strong> <\/strong><\/p>\n<p class=\"MsoNormal\" style=\"text-align: justify; line-height: 150%\">\n<p class=\"MsoNormal\" style=\"text-align: justify; line-height: 150%\"><strong><span style=\"font-family: Tahoma;\">Meeli<\/span><\/strong><span style=\"font-family: Tahoma;\"> <strong>Jakk<\/strong> (Orav) s\u00fcndis 21. augustil 1949. aastal ja ta lapsep\u00f5lv m\u00f6\u00f6dus Allikivi talus. Koolis k\u00e4is Meeli V\u00f5iduk\u00fclas ja H\u00e4\u00e4demeestel. 1965. aastal l\u00e4ks Meeli T\u00fcri Sovhoostehnikumi zootehnikuks \u00f5ppima. 1969. aastal asus Meeli t\u00f6\u00f6le Vinni N\u00e4idissovhoostehnikumi brigadirina. Alates 1971. aastat elab ja t\u00f6\u00f6tab Meeli Kehtnas ja senini \u00fches ja samas asutuses \u2013 Eesti T\u00f5uloomakasvatajate \u00dchistus zootehnikuna.<\/span><\/p>\n<p class=\"MsoNormal\" style=\"text-align: justify; line-height: 150%\"><span style=\"font-family: Tahoma;\">Meeli abiellus 1971. aastal Jaak Jakkiga. Perre s\u00fcndisid Janek (1972) ja Marjana (1973). Alates 1976. aastat elab Meeli koos Rein Sildojaga. Neil on kaks last Jaan (1985) ja Raido (1987).<\/span><\/p>\n<p align=\"justify\"><a title=\"Meeli Jakk\" href=\"http:\/\/fotod.orav.ee\/meelijakk.jpg\" rel=\"lightbox[215]\"><img loading=\"lazy\" decoding=\"async\" class=\"alignright\" style=\"border: 1px solid black; margin-top: 20px; margin-bottom: 20px;\" title=\"Meeli Jakk\" src=\"http:\/\/fotod.orav.ee\/meelijakksmall.jpg\" border=\"1\" alt=\"\" vspace=\"20\" width=\"166\" height=\"242\" align=\"right\" \/><\/a><\/p>\n","protected":false},"excerpt":{"rendered":"<p>vanemad: JOHANNES ORAV ja MIIA ORAV \u00f5ed \/ vennad: JAAN ORAV, ELGO ORAV, PILLE ORAV, MAAJA KARJUS ja KALLE ORAV elukaaslane: REIN SILDOJA lapsed: JANEK JAKK, MARJANA PORS, JAAN SILDOJA ja RAIDO SILDOJA Meeli Jakk (Orav) s\u00fcndis 21. augustil 1949. aastal ja ta lapsep\u00f5lv m\u00f6\u00f6dus Allikivi talus. Koolis k\u00e4is Meeli V\u00f5iduk\u00fclas ja H\u00e4\u00e4demeestel. 1965. aastal&hellip;<a href=\"https:\/\/orav.ee\/?page_id=215\" class=\"button\">Read more <span class=\"screen-reader-text\">meeli jakk<\/span><\/a><\/p>\n","protected":false},"author":1,"featured_media":0,"parent":23,"menu_order":0,"comment_status":"open","ping_status":"open","template":"","meta":{"_acf_changed":false,"footnotes":""},"class_list":["post-215","page","type-page","status-publish","hentry"],"acf":[],"_links":{"self":[{"href":"https:\/\/orav.ee\/index.php?rest_route=\/wp\/v2\/pages\/215","targetHints":{"allow":["GET"]}}],"collection":[{"href":"https:\/\/orav.ee\/index.php?rest_route=\/wp\/v2\/pages"}],"about":[{"href":"https:\/\/orav.ee\/index.php?rest_route=\/wp\/v2\/types\/page"}],"author":[{"embeddable":true,"href":"https:\/\/orav.ee\/index.php?rest_route=\/wp\/v2\/users\/1"}],"replies":[{"embeddable":true,"href":"https:\/\/orav.ee\/index.php?rest_route=%2Fwp%2Fv2%2Fcomments&post=215"}],"version-history":[{"count":5,"href":"https:\/\/orav.ee\/index.php?rest_route=\/wp\/v2\/pages\/215\/revisions"}],"predecessor-version":[{"id":2836,"href":"https:\/\/orav.ee\/index.php?rest_route=\/wp\/v2\/pages\/215\/revisions\/2836"}],"up":[{"embeddable":true,"href":"https:\/\/orav.ee\/index.php?rest_route=\/wp\/v2\/pages\/23"}],"wp:attachment":[{"href":"https:\/\/orav.ee\/index.php?rest_route=%2Fwp%2Fv2%2Fmedia&parent=215"}],"curies":[{"name":"wp","href":"https:\/\/api.w.org\/{rel}","templated":true}]}}