{"id":211,"date":"2008-07-25T17:49:18","date_gmt":"2008-07-25T14:49:18","guid":{"rendered":"http:\/\/raino.orav.ee\/?page_id=211"},"modified":"2010-06-28T11:40:38","modified_gmt":"2010-06-28T09:40:38","slug":"sirje-orav","status":"publish","type":"page","link":"https:\/\/orav.ee\/?page_id=211","title":{"rendered":"sirje orav"},"content":{"rendered":"<p class=\"MsoNormal\" style=\"text-align: justify; line-height: 50%;\">\n<p class=\"MsoNormal\" style=\"text-align: justify; line-height: 50%;\">vanemad: <strong>VILMA TIPSE <\/strong>ja <strong>VILLEM TALTS<\/strong><\/p>\n<p class=\"MsoNormal\" style=\"text-align: justify; line-height: 50%;\">\u00f5ed \/ vennad: <strong>LUISE TIPSE<\/strong> ja <strong>EKKAR TIPSE<\/strong><\/p>\n<p class=\"MsoNormal\" style=\"text-align: justify; line-height: 50%;\">abikaasa: <a style=\"font-size: 11px; font-weight: bold;\" title=\"Kalle Orav\" href=\"http:\/\/www.orav.ee\/?page_id=210\">KALLE ORAV<\/a><\/p>\n<p class=\"MsoNormal\" style=\"text-align: justify; line-height: 50%;\">lapsed: <a style=\"font-size: 11px; font-weight: bold;\" title=\"Tarmo Orav\" href=\"http:\/\/www.orav.ee\/?page_id=184\">TARMO ORAV<\/a>, <a style=\"font-size: 11px; font-weight: bold;\" title=\"Eero Orav\" href=\"http:\/\/www.orav.ee\/?page_id=1701\">EERO ORAV<\/a> ja <a style=\"font-size: 11px; font-weight: bold;\" title=\"Raino Orav\" href=\"http:\/\/www.orav.ee\/?page_id=171\">RAINO ORAV<\/a><\/p>\n<p class=\"MsoNormal\" style=\"text-align: justify; line-height: 50%;\">kasulapsed (t\u00fcdrukud): <strong>RENATA JUKANEN, HILLE RIIN TOOMBERG<\/strong> ja <strong>URMI TOOMBERG<\/strong><\/p>\n<p class=\"MsoNormal\" style=\"text-align: justify; line-height: 50%;\">kasulapsed (poisid): <strong>ANTON SKUROTOV<\/strong> ja <strong>TASUR UUK<\/strong><\/p>\n<p class=\"MsoNormal\" style=\"text-align: justify; line-height: 150%;\">\n<p class=\"MsoNormal\" style=\"text-align: justify; line-height: 150%;\"><strong><span style=\"font-family: Tahoma;\">Sirje Orav <\/span><\/strong><span style=\"font-family: Tahoma;\">(<\/span><span style=\"font-family: Tahoma;\">Tipse) s\u00fcndis 15. juunil 1955. aastal kodus Tali vallas, Tuuliku k\u00fclas, pere kolmanda lapsena. P\u00e4rast Tali p\u00f5hikooli l\u00f5petamist asus Sirje \u00f5ppima T\u00fcri N\u00e4idissovhoostehnikumi, mille l\u00f5petades sai temast laborant-karjabrigadir. Lisaks sai ta koolist ka autojuhi-mootorratta juhiload.<\/span><\/p>\n<p class=\"MsoNormal\" style=\"text-align: justify; line-height: 150%;\"><span style=\"font-family: Tahoma;\">Sirje on t\u00f6\u00f6tanud H\u00e4\u00e4demeeste kolhoosis zootehnikuna ja konservitsehhi meister-laojuhatajana. Praegu t\u00f6\u00f6tab Sirje H\u00e4\u00e4demeeste Muusikakoolis. Alates oma maja valmimisest on Sirje enamuse osa oma ajast hoolitsenud kodumajapidamise eest. Pikka aega oli laut koduloomi t\u00e4is, t\u00e4naseks on j\u00e4\u00e4nud vaid kassid ja koerad.<\/span><\/p>\n<p class=\"MsoNormal\" style=\"text-align: justify; line-height: 150%;\"><span style=\"font-family: Tahoma;\">\u00dcle k\u00fcmne aasta on Sirje lisaks oma lastele kasvatanud ka kasulapsi. Juba mitmed aastad tuleb hoolitseda ka ratastoolis ema eest.<\/span><\/p>\n<p class=\"MsoNormal\" style=\"text-align: justify; line-height: 150%;\"><strong><em><span style=\"font-family: Tahoma;\">Juba lapsena tahtis Sirje ema aidata, kuna isa suri varakult. Sirje on hirmus p\u00fcsimatu loomuga ja tahtis alati, et k\u00f5ik saaks ruttu ilusaks ja korda. Sirje soov oli koduaed kauniks teha, aga kellelgi polnud aega aidata. Otsustaski siis Sirje (12 aastasena)<span> <\/span>salaja tallist hobuse v\u00f5tta, et aeda mulda vedada. K\u00f5ik l\u00e4ks ladusalt<span> <\/span>&#8211; hobune sai ette rakendatud ja mullakoorem peale laaditud. Tagasiteel juhtus aga \u00e4pardus \u2013 poole tee peal tuli hobune j\u00e4rsku eest \u00e4ra. \u00d5nneks oli l\u00e4hedal \u00fcks tore onu kes Sirje h\u00e4dast v\u00e4lja aitas.<\/span><\/em><\/strong><\/p>\n<p class=\"MsoNormal\" style=\"text-align: justify; line-height: 150%;\"><strong><em><span style=\"font-family: Tahoma;\">Kord tahtis Sirje (13 aastane) aidata emal lambaid p\u00fcgada. Emal oli nii kiire, et ta polnud saanud aega lambaid p\u00fcgada ja nii need siis l\u00f5\u00f5tsutasid suure villa sees juunikuises<span> <\/span>kuumuses, mis hirmus. Sirje oli seni ema lambap\u00fcgamist ainult k\u00f5rvalt j\u00e4lginud ja n\u00fc\u00fcd p\u00fc\u00fcdis ta teha k\u00f5ik t\u00e4pselt samuti. Sidus, enda arvates <span> <\/span>h\u00e4sti k\u00f5vasti, lamba jalad kinni ja kukkus niitma. Kui pool lammast niidetud sai (sai ikka k\u00f5vasti raudadega sisse ka l\u00f5igatud), rabeles lammas <span> <\/span>\u00e4kki lahti ja pani plehku. Samas l\u00e4hedal olid noored 18-19 aastased elektrikooli \u00f5pilased posti otsas t\u00f6\u00f6tamas. Nad naersid nii mis hirmus aga aitasid Sirjel lamba kinni v\u00f5tta ja jalad uuesti kokku siduda. L\u00f5puks said m\u00f5lemad lambad ikkagi p\u00fcgatud ning Sirje oli nii r\u00f5\u00f5mus ja uhke enda \u00fcle, et sai ema t\u00f6\u00f6d v\u00e4hendada.<\/span><\/em><\/strong><\/p>\n<p class=\"MsoNormal\" style=\"text-align: justify; line-height: 150%;\"><span style=\"font-family: Tahoma;\">Siiani tahab Sirje k\u00f5iki t\u00f6id ise teha ja proovida ning ei l\u00f6\u00f6 kuskil risti ette.<\/span><\/p>\n<p class=\"MsoNormal\" style=\"text-align: justify; line-height: 150%;\"><a title=\"Sirje Orav\" href=\"http:\/\/fotod.orav.ee\/sirjeorav.jpg\" rel=\"lightbox[211]\"><img loading=\"lazy\" decoding=\"async\" style=\"border: 1px solid black; margin-top: 20px; margin-bottom: 20px;\" title=\"Sirje Orav\" src=\"http:\/\/fotod.orav.ee\/sirjeoravsmall.jpg\" border=\"1\" alt=\"\" vspace=\"20\" width=\"166\" height=\"242\" align=\"right\" \/><\/a><\/p>\n","protected":false},"excerpt":{"rendered":"<p>vanemad: VILMA TIPSE ja VILLEM TALTS \u00f5ed \/ vennad: LUISE TIPSE ja EKKAR TIPSE abikaasa: KALLE ORAV lapsed: TARMO ORAV, EERO ORAV ja RAINO ORAV kasulapsed (t\u00fcdrukud): RENATA JUKANEN, HILLE RIIN TOOMBERG ja URMI TOOMBERG kasulapsed (poisid): ANTON SKUROTOV ja TASUR UUK Sirje Orav (Tipse) s\u00fcndis 15. juunil 1955. aastal kodus Tali vallas, Tuuliku k\u00fclas,&hellip;<a href=\"https:\/\/orav.ee\/?page_id=211\" class=\"button\">Read more <span class=\"screen-reader-text\">sirje orav<\/span><\/a><\/p>\n","protected":false},"author":1,"featured_media":0,"parent":23,"menu_order":0,"comment_status":"open","ping_status":"open","template":"","meta":{"_acf_changed":false,"footnotes":""},"class_list":["post-211","page","type-page","status-publish","hentry"],"acf":[],"_links":{"self":[{"href":"https:\/\/orav.ee\/index.php?rest_route=\/wp\/v2\/pages\/211","targetHints":{"allow":["GET"]}}],"collection":[{"href":"https:\/\/orav.ee\/index.php?rest_route=\/wp\/v2\/pages"}],"about":[{"href":"https:\/\/orav.ee\/index.php?rest_route=\/wp\/v2\/types\/page"}],"author":[{"embeddable":true,"href":"https:\/\/orav.ee\/index.php?rest_route=\/wp\/v2\/users\/1"}],"replies":[{"embeddable":true,"href":"https:\/\/orav.ee\/index.php?rest_route=%2Fwp%2Fv2%2Fcomments&post=211"}],"version-history":[{"count":3,"href":"https:\/\/orav.ee\/index.php?rest_route=\/wp\/v2\/pages\/211\/revisions"}],"predecessor-version":[{"id":364,"href":"https:\/\/orav.ee\/index.php?rest_route=\/wp\/v2\/pages\/211\/revisions\/364"}],"up":[{"embeddable":true,"href":"https:\/\/orav.ee\/index.php?rest_route=\/wp\/v2\/pages\/23"}],"wp:attachment":[{"href":"https:\/\/orav.ee\/index.php?rest_route=%2Fwp%2Fv2%2Fmedia&parent=211"}],"curies":[{"name":"wp","href":"https:\/\/api.w.org\/{rel}","templated":true}]}}