{"id":1701,"date":"2010-01-28T21:59:59","date_gmt":"2010-01-28T19:59:59","guid":{"rendered":"http:\/\/www.orav.ee\/?page_id=1701"},"modified":"2016-03-11T09:36:50","modified_gmt":"2016-03-11T07:36:50","slug":"eero-orav-2","status":"publish","type":"page","link":"https:\/\/orav.ee\/?page_id=1701","title":{"rendered":"eero orav"},"content":{"rendered":"<p class=\"MsoNormal\" style=\"text-align: justify; line-height: 50%;\">\n<p class=\"MsoNormal\" style=\"text-align: justify; line-height: 50%;\">vanemad: <a style=\"font-size: 11px; font-weight: bold;\" title=\"Sirje Orav\" href=\"http:\/\/www.orav.ee\/?page_id=211\">SIRJE ORAV<\/a> ja <a style=\"font-size: 11px; font-weight: bold;\" title=\"Kalle Orav\" href=\"http:\/\/www.orav.ee\/?page_id=210\">KALLE ORAV<\/a><\/p>\n<p class=\"MsoNormal\" style=\"text-align: justify; line-height: 50%;\">\u00f5ed | vennad: <a style=\"font-size: 11px; font-weight: bold;\" title=\"Tarmo Orav\" href=\"http:\/\/www.orav.ee\/?page_id=184\">TARMO ORAV<\/a> ja <a style=\"font-size: 11px; font-weight: bold;\" title=\"Raino Orav\" href=\"http:\/\/www.orav.ee\/?page_id=171\">RAINO ORAV<\/a><\/p>\n<p class=\"MsoNormal\" style=\"text-align: justify; line-height: 50%;\">kasu\u00f5ed: <strong>RENATA JUKANEN, HILLE RIIN TOOMBERG<\/strong> ja <strong>URMI TOOMBERG<\/strong><\/p>\n<p class=\"MsoNormal\" style=\"text-align: justify; line-height: 50%;\">kasuvennad: <strong>ANTON SKUROTOV<\/strong> ja <strong>TASUR UUK<\/strong><\/p>\n<p class=\"MsoNormal\" style=\"text-align: justify; line-height: 150%;\">\n<p class=\"MsoNormal\" style=\"text-align: justify; line-height: 150%;\"><strong><span style=\"font-family: Tahoma;\">Eero Orav<\/span><\/strong><span style=\"font-family: Tahoma;\"> s\u00fcndis 27. m\u00e4rtsil 1977. aastal P\u00e4rnus. <\/span><span style=\"font-family: Tahoma;\">Lapsep\u00f5lv m\u00f6\u00f6dus H\u00e4\u00e4demeestel, algul H\u00e4\u00e4demeeste s\u00fcdames kahekordses korterelamus, hiljem oma majas P\u00e4rnu maantee alguses.<\/span><span style=\"font-family: Tahoma;\"> Eero \u00f5ppis H\u00e4\u00e4demeeste Keskkoolis spordikallakuga klassis, Viljandi Kutse\u00f5ppekeskuses ja Tallinnas Majaka Teeninduskoolis kokk- kondiitri erialal.<\/span><\/p>\n<p class=\"MsoNormal\" style=\"text-align: justify; line-height: 150%;\"><span style=\"font-family: Tahoma;\">Eero on t\u00f6\u00f6tanud Viljandi Kaubamajas, Modena O\u00dc-s, VRV grupp O\u00dc-s, kus k\u00f5ik ta ametikohad on olnud seotud kaubanduse ja toitlustusega.<br \/>\n<\/span><\/p>\n<p class=\"MsoNormal\" style=\"text-align: justify; line-height: 150%;\"><strong><em><span style=\"font-family: Tahoma;\">Eero reisib palju. Vahel kui pole saanud piisavalt puhata juhtub m\u00f5ni totter olukord. \u00dckskord oli ta tagasiteel Pariisist Eestisse. J\u00f5udes tolliametnikuni ulatas Eero talle passi ja ametniku k\u00fcsimuse peale, kust te tulete, vastas ta m\u00f5tlemata: \u201eLondonist\u201c. Seepeale uuris tolliametnik oma arvutit ja \u00fctles, et pole v\u00f5imalik, sellist lendu pole sisse tulnud. Eero aga j\u00e4tkas enesekindlalt: \u201eKuidas pole, siin ma ju olen. Just maandusin!\u201c Ta j\u00f5udis veel m\u00f5elda, et k\u00fcll need s\u00fcsteemid on ikka aegunud, et ei suuda piisavalt kiiresti lendusid n\u00e4idata. Ametnik sobras veel p\u00f5hjalikumalt oma arvutis ja katkestas siis Eero m\u00f5tiskluse k\u00fcsimusega: \u201eEga te juhuslikult Pariisist ei tulnud?\u201c Sellel hetkel oleks Eero tahtnud maa alla vajuda! Tolliametnik vaatas teda ikka v\u00e4ga pika pilguga, kui Eero talle vaikselt \u201eJah\u201c vastas.<\/span><\/em><\/strong><\/p>\n<p class=\"MsoNormal\" style=\"text-align: justify; line-height: 150%;\"><a title=\"Eero Orav\" href=\"http:\/\/fotod.orav.ee\/eeroorav.jpg\" rel=\"lightbox[1701]\"><img loading=\"lazy\" decoding=\"async\" style=\"border: 1px solid black; margin-top: 20px; margin-bottom: 20px;\" title=\"Eero Orav\" src=\"http:\/\/fotod.orav.ee\/eerooravsmall.jpg\" alt=\"\" width=\"242\" height=\"166\" align=\"right\" border=\"1\" vspace=\"20\" \/><\/a><\/p>\n","protected":false},"excerpt":{"rendered":"<p>vanemad: SIRJE ORAV ja KALLE ORAV \u00f5ed | vennad: TARMO ORAV ja RAINO ORAV kasu\u00f5ed: RENATA JUKANEN, HILLE RIIN TOOMBERG ja URMI TOOMBERG kasuvennad: ANTON SKUROTOV ja TASUR UUK Eero Orav s\u00fcndis 27. m\u00e4rtsil 1977. aastal P\u00e4rnus. Lapsep\u00f5lv m\u00f6\u00f6dus H\u00e4\u00e4demeestel, algul H\u00e4\u00e4demeeste s\u00fcdames kahekordses korterelamus, hiljem oma majas P\u00e4rnu maantee alguses. Eero \u00f5ppis H\u00e4\u00e4demeeste Keskkoolis&hellip;<a href=\"https:\/\/orav.ee\/?page_id=1701\" class=\"button\">Read more <span class=\"screen-reader-text\">eero orav<\/span><\/a><\/p>\n","protected":false},"author":1,"featured_media":0,"parent":23,"menu_order":0,"comment_status":"open","ping_status":"open","template":"","meta":{"_acf_changed":false,"footnotes":""},"class_list":["post-1701","page","type-page","status-publish","hentry"],"acf":[],"_links":{"self":[{"href":"https:\/\/orav.ee\/index.php?rest_route=\/wp\/v2\/pages\/1701","targetHints":{"allow":["GET"]}}],"collection":[{"href":"https:\/\/orav.ee\/index.php?rest_route=\/wp\/v2\/pages"}],"about":[{"href":"https:\/\/orav.ee\/index.php?rest_route=\/wp\/v2\/types\/page"}],"author":[{"embeddable":true,"href":"https:\/\/orav.ee\/index.php?rest_route=\/wp\/v2\/users\/1"}],"replies":[{"embeddable":true,"href":"https:\/\/orav.ee\/index.php?rest_route=%2Fwp%2Fv2%2Fcomments&post=1701"}],"version-history":[{"count":7,"href":"https:\/\/orav.ee\/index.php?rest_route=\/wp\/v2\/pages\/1701\/revisions"}],"predecessor-version":[{"id":2882,"href":"https:\/\/orav.ee\/index.php?rest_route=\/wp\/v2\/pages\/1701\/revisions\/2882"}],"up":[{"embeddable":true,"href":"https:\/\/orav.ee\/index.php?rest_route=\/wp\/v2\/pages\/23"}],"wp:attachment":[{"href":"https:\/\/orav.ee\/index.php?rest_route=%2Fwp%2Fv2%2Fmedia&parent=1701"}],"curies":[{"name":"wp","href":"https:\/\/api.w.org\/{rel}","templated":true}]}}