{"id":151,"date":"2008-07-25T02:01:52","date_gmt":"2008-07-25T00:01:52","guid":{"rendered":"http:\/\/raino.orav.ee\/?page_id=151"},"modified":"2020-09-14T09:44:43","modified_gmt":"2020-09-14T07:44:43","slug":"veebruar","status":"publish","type":"page","link":"https:\/\/orav.ee\/?page_id=151","title":{"rendered":"veebruar | vastlakuu"},"content":{"rendered":"<p style=\"font-family: Georgia,Times New Roman,Times,serif; font-size: larger; font-weight: bold;\">\n<p style=\"font-family: Georgia,Times New Roman,Times,serif; font-size: larger; font-weight: bold;\">M\u00c4LESTAGEM LAHKUNUID<\/p>\n<table style=\"height: 25px;\" border=\"0\" width=\"547\">\n<tbody>\n<tr>\n<td align=\"right\"><a title=\"\u00dclle Tali\" href=\"http:\/\/www.orav.ee\/?page_id=302\"><strong> \u00dclle Tali<\/strong><\/a><\/td>\n<td align=\"left\"><span class=\"copyright\">| <\/span><em>23. veebruar 2015 (s\u00fcnd: 02.08.1960)<\/em><\/td>\n<\/tr>\n<\/tbody>\n<\/table>\n<p style=\"font-family: Georgia,Times New Roman,Times,serif; font-size: larger; font-weight: bold;\">\n<p style=\"font-family: Georgia,Times New Roman,Times,serif; font-size: larger; font-weight: bold;\">S\u00dcNNIP\u00c4EVAD<\/p>\n<table border=\"0\" width=\"324\">\n<tbody>\n<tr>\n<td align=\"right\"><a title=\"Mihkel Tali\" href=\"http:\/\/www.orav.ee\/?page_id=260\"><strong>Mihkel Tali<\/strong><\/a><\/td>\n<td align=\"left\"><span class=\"copyright\">| <\/span><em>01. veebruar 1995, kell 13:10<br \/>\n<\/em><\/td>\n<\/tr>\n<tr>\n<td align=\"right\"><strong>Janis Kahar<\/strong><\/td>\n<td align=\"left\"><span class=\"copyright\">| <\/span><em>04. veebruar 1971<\/em><\/td>\n<\/tr>\n<tr>\n<td align=\"right\"><strong>Eero Joonsaar<\/strong><\/td>\n<td align=\"left\"><span class=\"copyright\">| <\/span><em>13. veebruar 1968<\/em><\/td>\n<\/tr>\n<tr>\n<td align=\"right\"><strong>Eliise Orav<\/strong><\/td>\n<td align=\"left\"><span class=\"copyright\">| <\/span><em>28. veebruar 2013<\/em><\/td>\n<\/tr>\n<\/tbody>\n<\/table>\n<p style=\"font-family: Georgia,Times New Roman,Times,serif; font-size: larger; font-weight: bold;\">\n<p style=\"font-family: Georgia,Times New Roman,Times,serif; font-size: larger; font-weight: bold;\">NIMEP\u00c4EVAD<\/p>\n<table style=\"height: 76px;\" border=\"0\" width=\"212\">\n<tbody>\n<tr>\n<td align=\"right\"><a title=\"Riho Pors\" href=\"http:\/\/www.orav.ee\/?page_id=234\"><strong>Riho Pors<\/strong><\/a><\/td>\n<td><span class=\"copyright\">| <\/span><em>07. veebruar<\/em><\/td>\n<\/tr>\n<tr>\n<td align=\"right\"><a title=\"Terje J\u00e4rvoja\" href=\"http:\/\/www.orav.ee\/?page_id=294\"><strong>Terje J\u00e4rvoja<\/strong><\/a><\/td>\n<td align=\"left\"><span class=\"copyright\">| <\/span><em>11. veebruar<\/em><\/td>\n<\/tr>\n<tr>\n<td align=\"right\"><strong>Hardi Joonsaar<\/strong><\/td>\n<td align=\"left\"><span class=\"copyright\">| <\/span><em>20. veebruar<\/em><\/td>\n<\/tr>\n<\/tbody>\n<\/table>\n","protected":false},"excerpt":{"rendered":"<p>M\u00c4LESTAGEM LAHKUNUID \u00dclle Tali | 23. veebruar 2015 (s\u00fcnd: 02.08.1960) S\u00dcNNIP\u00c4EVAD Mihkel Tali | 01. veebruar 1995, kell 13:10 Janis Kahar | 04. veebruar 1971 Eero Joonsaar | 13. veebruar 1968 Eliise Orav | 28. veebruar 2013 NIMEP\u00c4EVAD Riho Pors | 07. veebruar Terje J\u00e4rvoja | 11. veebruar Hardi Joonsaar | 20. veebruar<\/p>\n","protected":false},"author":1,"featured_media":0,"parent":278,"menu_order":2,"comment_status":"closed","ping_status":"closed","template":"","meta":{"_acf_changed":false,"footnotes":""},"class_list":["post-151","page","type-page","status-publish","hentry"],"acf":[],"_links":{"self":[{"href":"https:\/\/orav.ee\/index.php?rest_route=\/wp\/v2\/pages\/151","targetHints":{"allow":["GET"]}}],"collection":[{"href":"https:\/\/orav.ee\/index.php?rest_route=\/wp\/v2\/pages"}],"about":[{"href":"https:\/\/orav.ee\/index.php?rest_route=\/wp\/v2\/types\/page"}],"author":[{"embeddable":true,"href":"https:\/\/orav.ee\/index.php?rest_route=\/wp\/v2\/users\/1"}],"replies":[{"embeddable":true,"href":"https:\/\/orav.ee\/index.php?rest_route=%2Fwp%2Fv2%2Fcomments&post=151"}],"version-history":[{"count":27,"href":"https:\/\/orav.ee\/index.php?rest_route=\/wp\/v2\/pages\/151\/revisions"}],"predecessor-version":[{"id":2740,"href":"https:\/\/orav.ee\/index.php?rest_route=\/wp\/v2\/pages\/151\/revisions\/2740"}],"up":[{"embeddable":true,"href":"https:\/\/orav.ee\/index.php?rest_route=\/wp\/v2\/pages\/278"}],"wp:attachment":[{"href":"https:\/\/orav.ee\/index.php?rest_route=%2Fwp%2Fv2%2Fmedia&parent=151"}],"curies":[{"name":"wp","href":"https:\/\/api.w.org\/{rel}","templated":true}]}}